161.
13
Calculate the remainder when 9164459 is divided by 58.
53
Calculate the remainder when 8084413 is divided by 7627.
7420
Calculate the remainder when 1617797 is divided by 1529.
115
What is the remainder when 2300902 is divided by 62186?
20
What is the remainder when 1093668 is divided by 588?
576
Calculate the remainder when 1404491 is divided by 468152.
35
What is the remainder when 467108 is divided by 35?
33
Calculate the remainder when 64933 is divided by 581.
442
What is the remainder when 2599788 is divided by 858?
48
Calculate the remainder when 244648057 is divided by 116.
113
Calculate the remainder when 4239566 is divided by 645.
626
What is the remainder when 90704 is divided by 252?
236
What is the remainder when 2486665 is divided by 16?
9
Calculate the remainder when 4195840 is divided by 15.
10
Calculate the remainder when 2367922 is divided by 17411.
26
What is the remainder when 186904825 is divided by 62301608?
1
Calculate the remainder when 2506815 is divided by 69.
45
Calculate the remainder when 9367495 is divided by 454.
113
What is the remainder when 42106715 is divided by 3987?
8
Calculate the remainder when 2724544 is divided by 2724525.
19
Calculate the remainder when 1557917 is divided by 97369.
13
What is the remainder when 33115008 is divided by 81?
21
Calculate the remainder when 57979595 is divided by 32518.
1
What is the remainder when 8752786 is divided by 10766?
28
What is the remainder when 87295 is divided by 422?
363
Calculate the remainder when 436003 is divided by 335.
168
Calculate the remainder when 683724 is divided by 71.
65
What is the remainder when 9872336 is divided by 3607?
3584
Calculate the remainder when 7674763 is divided by 3847.
3845
Calculate the remainder when 16900459 is divided by 48.
43
What is the remainder when 4344098 is divided by 7110?
6998
What is the remainder when 74351395 is divided by 28?
27
What is the remainder when 17327122 is divided by 14?
8
What is the remainder when 259264 is divided by 26911?
17065
Calculate the remainder when 8699209 is divided by 157.
153
Calculate the remainder when 1663957 is divided by 415989.
1
Calculate the remainder when 1879546 is divided by 407.
20
What is the remainder when 255745 is divided by 23242?
83
Calculate the remainder when 37029 is divided by 7388.
89
Calculate the remainder when 86739606 is divided by 615.
6
Calculate the remainder when 6900261 is divided by 56.
53
Calculate the remainder when 301614 is divided by 99764.
2322
Calculate the remainder when 95942 is divided by 427.
294
What is the remainder when 3598983 is divided by 275?
58
Calculate the remainder when 4398139 is divided by 18.
1
What is the remainder when 13671495 is divided by 4?
3
What is the remainder when 3667388 is divided by 21?
11
What is the remainder when 2947393 is divided by 1179?
1072
Calculate the remainder when 254638 is divided by 157.
141
What is the remainder when 49814 is divided by 6839?
1941
What is the remainder when 1376435 is divided by 50976?
83
What is the remainder when 70143 is divided by 68522?
1621
What is the remainder when 2314440 is divided by 249?
234
Calculate the remainder when 414748099 is divided by 13.
12
What is the remainder when 549490 is divided by 183044?
358
Calculate the remainder when 90068 is divided by 1272.
1028
Calculate the remainder when 64429 is divided by 826.
1
What is the remainder when 382590 is divided by 382485?
105
What is the remainder when 7216347 is divided by 208?
203
Calculate the remainder when 37021 is divided by 9240.
61
What is the remainder when 4720247 is divided by 790?
787
What is the remainder when 894775 is divided by 678?
493
Calculate the remainder when 51626897 is divided by 1963.
1960
Calculate the remainder when 12808 is divided by 2671.
2124
What is the remainder when 2827304 is divided by 565460?
4
What is the remainder when 16803518 is divided by 260?
238
Calculate the remainder when 4137973 is divided by 169.
8
What is the remainder when 952408 is divided by 1349?
14
Calculate the remainder when 974777 is divided by 1402.
387
What is the remainder when 21417712 is divided by 147?
106
Calculate the remainder when 27260 is divided by 5359.
465
Calculate the remainder when 76600435 is divided by 11.
10
What is the remainder when 37488 is divided by 119?
3
Calculate the remainder when 775306 is divided by 811.
801
What is the remainder when 1815236 is divided by 140?
136
What is the remainder when 78092 is divided by 664?
404
What is the remainder when 45236202 is divided by 45236201?
1
Calculate the remainder when 1409254 is divided by 234873.
16
What is the remainder when 30049726 is divided by 2953?
2951
Calculate the remainder when 22829216 is divided by 318.
314
Calculate the remainder when 35611 is divided by 868.
23
What is the remainder when 1896528 is divided by 632149?
81
What is the remainder when 7890470 is divided by 337?
289
Calculate the remainder when 155125618 is divided by 77562808.
2
Calculate the remainder when 2036906 is divided by 129.
125
Calculate the remainder when 77680202 is divided by 4734.
4730
What is the remainder when 9873689 is divided by 588?
581
What is the remainder when 22758 is divided by 1037?
981
What is the remainder when 78135486 is divided by 313797?
33
What is the remainder when 57029 is divided by 27439?
2151
What is the remainder when 2418926 is divided by 1393?
678
What is the remainder when 104533639 is divided by 152?
47
What is the remainder when 11821915 is divided by 240?
235
Calculate the remainder when 10513147 is divided by 25.
22
Calculate the remainder when 4555863 is divided by 1518561.
180
What is the remainder when 102111 is divided by 6828?
6519
What is the remainder when 20764201 is divided by 16?
9
Calculate the remainder when 1673473085 is divided by 1929.
1928
Calculate the remainder when 2855060 is divided by 118960.
20
What is the remainder when 34812839 is divided by 229?
30
What is the remainder when 5994714 is divided by 48?
42
What is the remainder when 367123061 is divided by 116?
113
Calculate the remainder when 720938 is divided by 408.
2
Calculate the remainder when 14185098 is divided by 2322.
0
What is the remainder when 4955002 is divided by 825830?
22
What is the remainder when 12805740 is divided by 854?
10
Calculate the remainder when 217689 is divided by 72351.
636
What is the remainder when 4227543 is divided by 192161?
1
What is the remainder when 21918680 is divided by 802?
20
What is the remainder when 25214 is divided by 12145?
924
What is the remainder when 22279937 is divided by 4?
1
What is the remainder when 1670788 is divided by 417673?
96
Calculate the remainder when 72668873 is divided by 58.
35
What is the remainder when 190622 is divided by 417?
53
Calculate the remainder when 248441 is divided by 82809.
14
Calculate the remainder when 9388209 is divided by 9503.
8748
Calculate the remainder when 94112740 is divided by 35.
15
What is the remainder when 16708614 is divided by 73?
9
What is the remainder when 86363 is divided by 306?
71
Calculate the remainder when 33545928 is divided by 34.
32
Calculate the remainder when 274903 is divided by 4155.
673
Calculate the remainder when 3325885 is divided by 14460.
85
Calculate the remainder when 23966 is divided by 1712.
1710
Calculate the remainder when 1043041 is divided by 2002.
2001
What is the remainder when 91440 is divided by 538?
518
Calculate the remainder when 2779426 is divided by 221.
130
What is the remainder when 102185 is divided by 833?
559
What is the remainder when 11875 is divided by 11713?
162
Calculate the remainder when 6333 is divided by 5967.
366
What is the remainder when 17453317 is divided by 178095?
7
What is the remainder when 338919 is divided by 946?
251
What is the remainder when 787453 is divided by 2508?
2449
What is the remainder when 400742418 is divided by 11772?
11766
Calculate the remainder when 71117 is divided by 1673.
851
Calculate the remainder when 1774250 is divided by 1369.
26
What is the remainder when 297366 is divided by 297353?
13
Calculate the remainder when 19658 is divided by 1844.
1218
What is the remainder when 140621 is divided by 2869?
40
Calculate the remainder when 1348863 is 